
What is the hundreds digit of 3744178?
1
What is the tens digit of 1127952?
5
What is the ten millions digit of 30424568?
3
What is the tens digit of 671889?
8
What is the units digit of 37189?
9
What is the hundreds digit of 114846?
8
What is the millions digit of 1312882?
1
What is the hundred thousands digit of 1286118?
2
What is the tens digit of 203522?
2
What is the ten thousands digit of 1857446?
5
What is the hundreds digit of 3342737?
7
What is the units digit of 38525740?
0
What is the units digit of 1666007?
7
What is the units digit of 24957?
7
What is the thousands digit of 844551?
4
What is the hundred thousands digit of 2490588?
4
What is the millions digit of 11299708?
1
What is the thousands digit of 11136676?
6
What is the hundreds digit of 287602?
6
What is the hundreds digit of 4110572?
5
What is the thousands digit of 667076?
7
What is the hundred thousands digit of 144617?
1
What is the thousands digit of 672588?
2
What is the hundred thousands digit of 17939271?
9
What is the ten thousands digit of 213347?
1
What is the tens digit of 1215465?
6
What is the thousands digit of 553933?
3
What is the tens digit of 10208081?
8
What is the tens digit of 415695?
9
What is the ten thousands digit of 1841081?
4
What is the hundreds digit of 2991932?
9
What is the millions digit of 6366711?
6
What is the hundreds digit of 8815577?
5
What is the hundreds digit of 30720941?
9
What is the hundreds digit of 830400?
4
What is the tens digit of 26991509?
0
What is the tens digit of 32903?
0
What is the ten thousands digit of 141690?
4
What is the millions digit of 25825766?
5
What is the thousands digit of 11123668?
3
What is the thousands digit of 5200380?
0
What is the hundreds digit of 1148356?
3
What is the hundred thousands digit of 748122?
7
What is the tens digit of 80474?
7
What is the hundred thousands digit of 352426?
3
What is the hundred thousands digit of 205380?
2
What is the ten thousands digit of 238247?
3
What is the hundreds digit of 339605?
6
What is the tens digit of 4115326?
2
What is the tens digit of 36667?
6
What is the hundred thousands digit of 1026295?
0
What is the thousands digit of 1691194?
1
What is the ten thousands digit of 79510?
7
What is the hundred thousands digit of 2655577?
6
What is the hundred thousands digit of 2043287?
0
What is the tens digit of 84261?
6
What is the millions digit of 1797458?
1
What is the thousands digit of 17130556?
0
What is the ten thousands digit of 45900?
4
What is the tens digit of 1013522?
2
What is the hundred thousands digit of 847449?
8
What is the units digit of 1744458?
8
What is the thousands digit of 35275586?
5
What is the units digit of 4657258?
8
What is the units digit of 3340892?
2
What is the millions digit of 3475205?
3
What is the thousands digit of 1171497?
1
What is the units digit of 30754?
4
What is the thousands digit of 21525707?
5
What is the thousands digit of 201150?
1
What is the hundreds digit of 517111?
1
What is the units digit of 2194019?
9
What is the thousands digit of 11710?
1
What is the ten thousands digit of 1045211?
4
What is the hundred thousands digit of 112060?
1
What is the thousands digit of 1120739?
0
What is the ten thousands digit of 6850889?
5
What is the hundreds digit of 8715041?
0
What is the thousands digit of 6749361?
9
What is the ten millions digit of 23606523?
2
What is the hundreds digit of 485855?
8
What is the thousands digit of 1420539?
0
What is the thousands digit of 8192?
8
What is the units digit of 27547424?
4
What is the hundreds digit of 263634?
6
What is the tens digit of 5332660?
6
What is the millions digit of 5931871?
5
What is the hundred thousands digit of 16980579?
9
What is the tens digit of 2202067?
6
What is the units digit of 50956?
6
What is the hundred thousands digit of 966563?
9
What is the thousands digit of 352045?
2
What is the tens digit of 2373351?
5
What is the hundred thousands digit of 566769?
5
What is the thousands digit of 8519?
8
What is the thousands digit of 777806?
7
What is the tens digit of 390612?
1
What is the thousands digit of 80014?
0
What is the thousands digit of 493619?
3
What is the units digit of 772783?
3
What is the millions digit of 21464650?
1
What is the thousands digit of 11079303?
9
What is the units digit of 22960727?
7
What is the units digit of 51980?
0
What is the hundred thousands digit of 2041043?
0
What is the ten thousands digit of 769260?
6
What is the tens digit of 6818396?
9
What is the thousands digit of 9543055?
3
What is the hundreds digit of 1527963?
9
What is the ten thousands digit of 8103305?
0
What is the units digit of 74392?
2
What is the hundred thousands digit of 324320?
3
What is the thousands digit of 2554815?
4
What is the ten thousands digit of 181947?
8
What is the millions digit of 17395413?
7
What is the tens digit of 9913912?
1
What is the hundreds digit of 536573?
5
What is the thousands digit of 1402221?
2
What is the millions digit of 1560456?
1
What is the ten thousands digit of 143011?
4
What is the thousands digit of 1884295?
4
What is the hundreds digit of 7952028?
0
What is the hundreds digit of 948104?
1
What is the hundred thousands digit of 857527?
8
What is the ten thousands digit of 2298079?
9
What is the tens digit of 50118?
1
What is the thousands digit of 237925?
7
What is the ten thousands digit of 51035?
5
What is the hundred thousands digit of 31607554?
6
What is the hundreds digit of 64411?
4
What is the ten thousands digit of 3211694?
1
What is the units digit of 1094899?
9
What is the thousands digit of 68122?
8
What is the tens digit of 18301646?
4
What is the thousands digit of 62840?
2
What is the thousands digit of 1549317?
9
What is the hundreds digit of 239300?
3
What is the millions digit of 18391412?
8
What is the units digit of 26106?
6
What is the tens digit of 4315705?
0
What is the thousands digit of 1597631?
7
What is the units digit of 892614?
4
What is the units digit of 1587381?
1
What is the hundred thousands digit of 807384?
8
What is the units digit of 172824?
4
What is the millions digit of 5566018?
5
What is the hundreds digit of 4947?
9
What is the hundreds digit of 7586324?
3
What is the ten thousands digit of 2694535?
9
What is the tens digit of 13164512?
1
What is the hundreds digit of 3471040?
0
What is the ten thousands digit of 3852514?
5
What is the tens digit of 27900?
0
What is the ten thousands digit of 8000667?
0
What is the ten thousands digit of 3666015?
6
What is the millions digit of 5944793?
5
What is the hundreds digit of 7540?
5
What is the thousands digit of 519121?
9
What is the units digit of 94823?
3
What is the hundreds digit of 113600?
6
What is the ten thousands digit of 2318998?
1
What is the ten thousands digit of 7620942?
2
What is the hundreds digit of 14922188?
1
What is the hundreds digit of 30818639?
6
What is the ten thousands digit of 261540?
6
What is the tens digit of 17485769?
6
What is the thousands digit of 34023689?
3
What is the units digit of 764698?
8
What is the thousands digit of 160898?
0
What is the units digit of 15090926?
6
What is the hundreds digit of 1766928?
9
What is the units digit of 9412937?
7
What is the hundreds digit of 18919637?
6
What is the ten thousands digit of 1050581?
5
What is the hundred thousands digit of 2018002?
0
What is the units digit of 420458?
8
What is the hundreds digit of 899725?
7
What is the tens digit of 227561?
6
What is the ten thousands digit of 245793?
4
What is the hundreds digit of 30550409?
4
What is the tens digit of 410852?
5
What is the units digit of 13910471?
1
What is the units digit of 240821?
1
What is the tens digit of 98783?
8
What is the millions digit of 8448619?
8
What is the ten thousands digit of 697751?
9
What is the hundreds digit of 428214?
2
What is the hundred thousands digit of 798489?
7
What is the thousands digit of 7667972?
7
What is the thousands digit of 5330280?
0
What is the hundreds digit of 794554?
5
What is the tens digit of 6558389?
8
What is the tens digit of 258552?
5
What is the units digit of 28287?
7
What is the tens digit of 7663141?
4
What is the units digit of 444356?
6
What is the millions digit of 6328002?
6
What is the tens digit of 322115?
1
What 